er when 279 is divided by k(55)?
23
Let a = -135 - -136. Let z(x) = 11*x**2 - 1. What is the remainder when 158 is divided by z(a)?
8
Suppose 5*k = -3*j + 153 - 39, 3*k - 4*j - 51 = 0. Suppose -k*d - 6*d = -675. What is the remainder when 88 is divided by d?
13
Let u be (-2)/10 + -4*524/(-80). Suppose -3*x - 2*t = -89 - u, -4*t - 15 = -x. What is the remainder when 98 is divided by x?
28
Let c = 20663 + -20627. Calculate the remainder when 852 is divided by c.
24
Suppose -180 + 270 = -5*q. Let s(c) = 2*c + 10. Let v(u) = -2*u - 10. Let d(t) = 4*s(t) + 5*v(t). What is the remainder when 101 is divided by d(q)?
23
Suppose 8*t = 19001 - 6865. Calculate the remainder when t is divided by 153.
140
Suppose 0 = -116*x - 9342 + 15937 + 14053. What is the remainder when x is divided by 69?
40
Suppose 0 = -10*g + 116 + 64. Suppose 1 = 2*w - 3*a, -3*w + 0*w - 5*a + 49 = 0. Calculate the remainder when g is divided by w.
2
Let y be 1*((-3)/(-3) - -2). Suppose -4*o - 3*s = -300, -y*o + s + 137 = -75. Suppose -7*i + o = -5. What is the remainder when i is divided by 2?
1
Suppose z - 9 = -2*s, 4*z + 2*s - 16 = 8. Suppose -z*c = 9*c - 14. What is the remainder when (c/(-1))/(8/(-1000)) is divided by 33?
26
Let w(s) = 21*s**2 + 2*s - 5. Let o(r) = -83*r**2 - 7*r + 20. Let v(u) = 2*o(u) + 9*w(u). Calculate the remainder when v(2) is divided by 17.
10
Let m(k) = 5*k**2 + 44*k - 458. Calculate the remainder when m(7) is divided by 38.
19
Let h be -4*(-72)/(-28) - 2/(-7). What is the remainder when 545 is divided by h + (-369)/(-36) + 310/8?
38
Suppose 7*k - 78 = 3*k + 3*a, 2*k = -a + 34. Calculate the remainder when 68 is divided by k.
14
Let q = 23729 - 23528. Calculate the remainder when 393 is divided by q.
192
Suppose -q = -0*q - 13. Let g = 151807 + -151800. Calculate the remainder when q is divided by g.
6
Let d = 84 - 41. Let h = -26 + d. Calculate the remainder when 2/8 - (-1107)/36 is divided by h.
14
Suppose 10112 = -474*m + 538*m. Calculate the remainder when 448 is divided by m.
132
Let l = -3665 - -3671. What is the remainder when 668 is divided by l?
2
Suppose 0 = 4*v + 3*t - 102 + 19, -3*v + 2*t = -75. Let n = -170 - -234. Calculate the remainder when n is divided by v.
18
Let x = 590 + -160. Suppose -3*l + 8*l = x. What is the remainder when l is divided by 31?
24
Let r = 0 + 12. Let h(j) = 9*j**2 + 28*j - 32. What is the remainder when h(-5) is divided by r?
5
Suppose 83*c - 85*c - 41157 = -5*a, 0 = -2*a + 5*c + 16467. What is the remainder when a is divided by 71?
66
Suppose 0*k + 2*k = 5*q - 36, -4*q - 3*k + 38 = 0. Suppose -11*n + 81 = -q*n. What is the remainder when n is divided by (60/50)/((-3)/(-25))?
7
Let i(a) = -62*a + 816. Calculate the remainder when 211 is divided by i(12).
67
Suppose -12*g = 4739 - 6119. Calculate the remainder when 1145 is divided by g.
110
Let l be 136/51 - (2 + 0)/(-6). Suppose -3*h = -l*d + 1050, d = 3*h + 2*h + 338. Calculate the remainder when d is divided by 89.
86
Let t = 10 + -45. Let h = t - -38. Suppose 3*u - h = 90. What is the remainder when u is divided by 9?
4
Let t be 4/(-5)*40/(-16). Suppose t*v = 5*v, -r + 378 = 3*v. Calculate the remainder when r is divided by 38.
36
Suppose 74*h - 75*h = -15. Calculate the remainder when 34 is divided by 1/3 - (7 + (-310)/h).
6
Let u = 7769 + -7745. Calculate the remainder when (-5 + -3)/(4/(-38)) is divided by u.
4
Let a(n) = -41*n + 42. Let f be a(1). Suppose -f = x, -4*r + 72 = -7*x + 3*x. Suppose -266 = -4*k + 130. What is the remainder when k is divided by r?
14
What is the remainder when 451 is divided by 938/231 - 4 - (-3760)/33?
109
Let t(z) = 2*z**2 - 7*z + 2. Suppose 5*k + 380 = 2*d, 3*d + 0*d - 612 = -3*k. What is the remainder when d is divided by t(5)?
13
Let p(j) = 93*j - 1. Let f = 3 - 2. Calculate the remainder when p(f) is divided by -24*14/(-21) + 15.
30
Calculate the remainder when -20 + 1581 + -3 - (-3 + 2 + 7) is divided by 222.
220
Let v be (36/(-15))/6 + 154/10. Suppose -2*z + v = 1. Calculate the remainder when (4190/z)/5 - (-4)/14 is divided by 41.
38
Suppose 0 = 93*q - 105*q + 252. What is the remainder when (-246)/12*(-4)/2 is divided by q?
20
Let o(d) = 2*d + 12. Suppose 0 = -0*t + 5*t + 70. Let g be (-74)/t + (-4)/14. What is the remainder when 63 is divided by o(g)?
19
Suppose 10*v - 1511 - 818 = 4781. What is the remainder when v is divided by 117?
9
Suppose 6*i - 5498 + 5474 = 0. Suppose 2*s + 3*o = -3*s + 76, 3*o - 6 = 0. Calculate the remainder when s is divided by i.
2
Let o(d) = d + 18. Let l be (-567)/54 + 1/(-2). Let r be o(l). Suppose 5*b - 271 = 2*a, -a - r + 4 = 0. Calculate the remainder when b is divided by 14.
11
Suppose 2*q = 4*s - 134, -3*s + 113 = 7*q - 6*q. Let k be -4 - (12/s + 530/(-6)). Suppose -k = -4*h + 108. What is the remainder when h is divided by 5?
3
Let r be (-1)/(4/17)*8. Let j = 34 + r. Suppose j = -9*c + 14*c - 305. Calculate the remainder when c is divided by 16.
13
Let t(p) = 23*p + 1. Let c be t(3). Suppose 0*y = 5*y - c. Let m = 6946 + -6878. Calculate the remainder when m is divided by y.
12
Let f = 13 - -104. Suppose 0 = -20*d - 19*d + 35*d - 5*n - 12, 4*n = -48. What is the remainder when f is divided by d?
9
Suppose -w = 3*w - i - 10, -2*w = 2*i. Let a be (-1776)/128 - w/16. What is the remainder when (8/10)/(a/(-1295)) is divided by 15?
14
Suppose -1200 = -3*z - 5*z. Suppose 0 = -12*h + 15*h - z. Let m = 58 - h. What is the remainder when 14 is divided by m?
6
Calculate the remainder when (9 + 407/(-44))*-1376 is divided by 111.
11
Suppose 2*w = 5*y - 153 - 67, 0 = 5*y + 20. Calculate the remainder when (w/3 - -2)*-1 is divided by (10/30)/((-32)/(-1872))*4/6.
12
Let i = 5915 + -5798. Let o(h) = -5*h - 6. What is the remainder when i is divided by o(-6)?
21
Let j = 262 + -226. Suppose -1666 = -j*m + 13310. Calculate the remainder when m is divided by 30.
26
Suppose -565*r + 555*r = -194790. Calculate the remainder when r is divided by 253.
251
Let q = 48 + -43. Suppose 0*y + y - q = 0. Suppose y*t - 159 = -5*h + 3*t, 0 = -t + 2. What is the remainder when h is divided by 17?
14
Let q be (140/9)/2 + (-18)/(-81). Let b(k) = -k - 1. Let o be b(-5). What is the remainder when (7 - -3)*o/q is divided by 4?
1
Let m be (-2)/((-1578)/1985 - 28/(-35)). Let x = -373 - m. Let f(r) = 7*r - 9. Calculate the remainder when f(6) is divided by x.
9
Let k = 110 - 88. Let a = k - 4. Calculate the remainder when (2/(-2) - -70) + -2 is divided by a.
13
Let y = 1969 - 1304. Suppose 490 = 667*u - y*u. What is the remainder when u is divided by 19?
17
Let t(a) = 38*a - 225. Let f be t(-14). Let j = f + 765. What is the remainder when 13 is divided by j?
5
Let r(u) = 81*u - 121. Let q be r(2). Suppose -31 = q*b - 42*b. Calculate the remainder when 177 is divided by b.
22
Let r(a) = -9*a - 20. Let s = 99 - 75. Suppose 0 = 17*n - 21*n - s. Calculate the remainder when 64 is divided by r(n).
30
Suppose 3621*f - 1120 = 3589*f. What is the remainder when 44 is divided by f?
9
Suppose -9956 = -539*r + 408*r. What is the remainder when 178 is divided by r?
26
Let g = -43 + 78. Let h = -18 + g. Calculate the remainder when h is divided by ((-4)/7 - -1) + 24*(-100)/(-280).
8
Let z = -308 - -129. Let h = z - -195. What is the remainder when 21 is divided by h?
5
Suppose 787 + 325 = 131*h + 8*h. Calculate the remainder when 6613 is divided by h.
5
Suppose -4*m + 906 = q, -4*m + 2*q + 1219 = 331. Let x = 123 + -66. What is the remainder when m is divided by x?
54
Let c = -1991 - -2302. What is the remainder when c is divided by 148?
15
Suppose 18 = 3*y + 2*o, 12 - 1 = 2*y + o. What is the remainder when y + -6 + -4 + 36 is divided by 24?
6
Let w = 544 + -377. Let d = -21 - -31. Let a = d - -32. Calculate the remainder when w is divided by a.
41
Suppose 0 = 11*r - 5*r - 1182. Suppose 5*w = 33 + r. Let y = w + -30. What is the remainder when 46 is divided by y?
14
Let q(h) = h**2 - 24*h - 411. What is the remainder when 0 + (-2 - -1) + 90 is divided by q(36)?
5
Suppose -1 + 4 = c. Suppose c*h = 7*h - 32. Let g(a) = -9*a**2 + 64*a + 87. Calculate the remainder when g(8) is divided by h.
7
Let x(m) = m**3 - 3*m**2 + 3*m + 1. Let s(o) = o**3 - 21*o**2 + 40*o + 6. What is the remainder when s(19) is divided by x(2)?
2
Let w = -22